*t + 2. Let w = -111 - a. Let s be (1/2)/((-2)/w). What is the highest common factor of 7 and s?
7
Let h be 326 + (-7 - -1)*(-2)/6. Calculate the highest common factor of h and 41.
41
Let o = -40 - -108. Suppose -3*q = -2*v + o, -2*q + 46 = v - 2. Calculate the greatest common divisor of v and 8.
8
Suppose -3 - 5 = -2*i. What is the greatest common factor of 24 and i?
4
Suppose 6 + 2 = x. Suppose -5*t = -t - x. Let s be (-11)/(-2)*(4 + 0). Calculate the greatest common divisor of t and s.
2
Let y be -4 + 2 + 14 + (1 - -1). What is the greatest common divisor of y and 126?
14
Suppose 25 = -5*a + 5*z - z, 0 = 3*a + z - 2. Let d be 84/9 - a/(-3). What is the greatest common factor of d and 36?
9
Suppose 5*y - 2 - 3 = 0. Let o = y + 17. What is the highest common divisor of o and 45?
9
Let g be 1 + 5 - (6 + -5). Suppose g*p - 107 = 193. What is the highest common divisor of 12 and p?
12
Suppose -3*t + 6 = -t. Suppose 2*y + t*a - 21 = 42, -5*y + 192 = -4*a. Suppose -72 = -2*x - x. What is the greatest common divisor of y and x?
12
Let o = 49 + -28. What is the greatest common factor of o and 14?
7
Let o = 11 + -59. Let i be (3/(-2))/(4/o). Calculate the greatest common divisor of i and 2.
2
Suppose 6*x = 3*x - 60. Let d be (-1)/(-2) - (-570)/12. Let f = d + x. Calculate the highest common divisor of f and 4.
4
Suppose 106 = 4*l - 206. Calculate the greatest common divisor of 6 and l.
6
Suppose 5*d - 29 = 21. Suppose 70 = -5*u + 220. What is the highest common divisor of u and d?
10
Let z(q) = -q**3 - 8*q**2 + 21*q + 13. Let a be z(-10). Calculate the greatest common divisor of a and 1.
1
Let f(g) = 5*g**3 - g**2. Let u be f(1). Calculate the highest common divisor of 10 and u.
2
Suppose 5 - 2 = -v. Let k(o) = o**2 + o - 3. Let q be k(v). What is the greatest common factor of 2 and q?
1
Suppose -3*i + 2*i = 3*x - 667, 2*x + 5*i - 423 = 0. Calculate the highest common factor of 28 and x.
28
Let v(m) = 1 - m - m**3 + 0*m**2 - m**2 + 0 + 4. Let h be v(0). Calculate the highest common divisor of h and 2.
1
Suppose -4*m - 50 = -9*m. Let g = 82 + -42. Let t be ((-42)/4)/((-6)/g). What is the greatest common divisor of t and m?
10
Let h be ((-2)/6)/(6/(-108)). Let p = 8 - h. Suppose 3*x - x + 4*l - 44 = 0, p*l = x - 22. What is the greatest common factor of 33 and x?
11
Let j = -28 - -14. Let l = 28 + j. Calculate the highest common factor of 7 and l.
7
Let f(u) = u**2 - u - 46. Let o be f(0). Let l be 2/5 + o/(-10). Calculate the greatest common divisor of 40 and l.
5
Let k be (-6)/(-9)*(-15)/(-10). Let r be (-11)/(2/(-4)*2). Calculate the greatest common divisor of r and k.
1
Let u be (315/5)/(6/8). Calculate the highest common divisor of u and 12.
12
Suppose 3*m - 4*m = -3. Suppose -m = 2*g - 5. Let r be g - 3/3 - -4. What is the highest common factor of r and 4?
4
Suppose 5*n - 3*l - 114 = 0, 4*l + 64 = n + 2*n. Suppose -n = -2*m - 0*m. What is the greatest common divisor of 96 and m?
12
Let b be (-18)/6 + (-3)/(9/(-51)). Calculate the greatest common divisor of b and 126.
14
Suppose 5*a + 20 = -215. Let h = a - -69. Calculate the greatest common factor of h and 11.
11
Suppose -s + 44 = 4*m + 3*s, 5*m + s = 63. Let l be (60/16 - (-6)/(-8)) + 140. Calculate the highest common factor of l and m.
13
Let z = 2 + 0. Suppose 2*p - z*f = -3*f + 154, 5*p - 385 = 4*f. Calculate the greatest common divisor of p and 11.
11
Let k = -93 + 108. Calculate the greatest common factor of 195 and k.
15
Suppose 4*y = -y + 5. Calculate the greatest common divisor of 2 and y.
1
Let c(j) be the second derivative of j**3/2 + 7*j**2/2 + 5*j. Let h be c(7). Calculate the greatest common divisor of h and 70.
14
Let r(g) = g + 0 + 1 + 2 + 15. Let a be r(14). What is the greatest common divisor of 8 and a?
8
Let l be (-45)/30*(-44 + -1 + 1). Calculate the highest common divisor of 99 and l.
33
Suppose 8 = -x + 5*x. Suppose 20 = 5*r, 4*v + 49 - 125 = 3*r. Calculate the highest common divisor of v and x.
2
Suppose -4*m + 26 = 5*c, 2*c = 3*c + 5*m - 1. Suppose n + 4 - 19 = 0. Calculate the greatest common factor of n and c.
3
Let b = 1 + 2. Suppose 3*k - 390 = 2*t, -4*k + k + 393 = -3*t. Suppose a - k = -b*a. Calculate the highest common divisor of a and 4.
4
Let m be 54/(-189) + (-1390)/(-14). What is the highest common divisor of 9 and m?
9
Suppose -3*n - 3*f - 451 = -n, 2*n + 2*f + 446 = 0. Let p = n - 1077. Let o be p/(-20) + (-2)/(-8). What is the greatest common factor of 13 and o?
13
Suppose 3*x = -2*x + 25. Suppose 0*r + 4*a = -x*r + 164, 3*a + 12 = 0. Calculate the highest common divisor of 9 and r.
9
Let d be (15 + -17)/((-3)/(-2))*-6. Calculate the highest common divisor of d and 4.
4
Let x = -28 - -34. Calculate the highest common divisor of 21 and x.
3
Let o = 17 + -31. Let v be 2/o - (-48)/42. What is the highest common divisor of v and 4?
1
Let v be 4 + (4 - (4 - -25)). Let r = -7 - v. Let h(k) = 10*k**2 - 4*k - 4. Let b be h(-3). Calculate the highest common divisor of r and b.
14
Let q be (9/(-4))/((-3)/12). Let u(n) = -n**3 + 8*n**2 + 12*n - 9. Let b be u(q). What is the highest common divisor of 144 and b?
18
Let t = -280 - -552. Suppose -5*j + 232 = -j + 4*b, 5*j = 4*b + t. Let g = 32 + -18. What is the highest common divisor of j and g?
14
Suppose -4*q + 3*q = 2. Let f be (-2)/q + (1 - -2). Suppose 2*s + 2*s - f = l, -l + s = -11. What is the greatest common divisor of l and 160?
16
Let p be 4/((-12)/(-39)) + -3. Let y = p + -6. Suppose y*n = -n + 40. What is the greatest common factor of n and 1?
1
Let b = 0 - 7. Let a = b + 10. Let g = 7 - -8. Calculate the highest common factor of a and g.
3
Let m = 18 - 12. Calculate the greatest common divisor of 4 and m.
2
Suppose -j + 2*s = -214, 3*s = -2*j - 3*j + 1135. Calculate the greatest common divisor of j and 32.
32
Let c = -13 + 15. Let z(f) = 24*f**3 - 3*f**2 + f. Let g be z(c). Calculate the highest common factor of g and 26.
26
Suppose -4*i + 12 = -0*i. Suppose 0 = -k - k + 30. Calculate the greatest common factor of i and k.
3
Suppose 56 = h - f, -7*h + 272 = -2*h + 3*f. Calculate the highest common divisor of 11 and h.
11
Let n(v) = v**3 - 6*v**2 + 5. Let z be n(6). What is the highest common divisor of 25 and z?
5
Suppose -5*q + 4*q + 26 = 0. Let y(s) = 2*s. Let h be y(-2). Let v be 1 - -66 - h/(-2). Calculate the highest common factor of q and v.
13
Suppose -2*k - 42 = -4*k - 4*o, o - 17 = -k. Calculate the highest common factor of k and 169.
13
Suppose 6*p - 72 = 3*p. Calculate the greatest common factor of 42 and p.
6
Let n(c) = -8*c**3 - c**2 + 1. Let o be n(-1). Let t be -1 - (0 + 1*-2). Calculate the greatest common factor of o and t.
1
Let o be ((-21)/14)/(1/(-118)). Let g = o + -57. What is the greatest common factor of g and 15?
15
Suppose 0*g = -2*g + 8. Suppose -2*k + g = 0, 2*k = -2*i + 27 + 5. Calculate the highest common factor of i and 56.
14
Suppose -5*a + 28 = r, 0*a + 3*r + 18 = 2*a. Suppose 0*t - a = -3*t. Calculate the greatest common factor of 10 and t.
2
Let t(g) = 8*g - 3. Let w be t(3). Let y(d) = d**3 - 5*d**2 - 2*d. Let s be y(7). What is the highest common factor of w and s?
21
Let u = 5 - 9. Let p = 4 - u. What is the greatest common divisor of 56 and p?
8
Suppose -6 = -3*f + 3. Suppose 3*t = -c + 5*c - 28, -50 = -f*c - 5*t. What is the greatest common divisor of 30 and c?
10
Suppose l + 12*l - 195 = 0. Calculate the greatest common divisor of 9 and l.
3
Suppose -2*q + i - 7 = 0, -3*q - 4*i + 20 = 3. Let j be q/(0 + -1) - -15. Calculate the greatest common factor of 2 and j.
2
Let s(l) = -16*l + 3. Let i be s(-6). Let m be (-122)/(-14) + (-12)/(-42). Calculate the highest common factor of i and m.
9
Let i(z) = z**3 + 5*z**2 + 5. Let n be i(-5). Let h = -2 + 2. Suppose p + h*p - 10 = 0. Calculate the greatest common factor of p and n.
5
Let p = -5 - -15. Let t = p - 4. Let f be (3 + (-12)/8)/1*6. What is the highest common factor of t and f?
3
Let f be (106/8)/(5/60). Let b be (8/(-10))/(8/20). Let n be f/15 - b/5. What is the highest common divisor of n and 22?
11
Let w(g) = g - 5. Let l be w(10). Let f = l + -8. Let d be 6/f*1 - -14. Calculate the highest common divisor of 48 and d.
12
Let y(t) = -t**3 + 10*t**2 - 11*t - 24. Let d be y(6). What is the greatest common factor 